pose 0 = b + 7. Let d(m) be the third derivative of m**4/24 + m**3 - 5427*m**2. Determine d(b).
-1
Suppose -h = -8*k + 3*k + 9, k - h = 1. Let p(r) = 8 - 2*r + 8 + k - 10. Calculate p(7).
-6
Let g(i) be the first derivative of -5*i - 96 - 1/4*i**4 - 3/2*i**2 + 8/3*i**3. Calculate g(7).
23
Let m(g) = 2*g**2 + 7*g + 7. Let f(k) = k**2 - 3*k - 1115. Let u be f(35). Give m(u).
92
Suppose 13*m - 18*m = 5. Let u(y) = -y - 2. Let w(t) = 3*t + 1. Let f(o) = m*w(o) - 2*u(o). What is f(-4)?
7
Suppose 3*y = -l + 19, -5*l + 10 = 2*y - 4*y. Let w(v) = 112*v - 53*v + 4 - 58*v + l. Give w(9).
17
Let w(t) = -t**2 - 3*t + 13. Let x be w(-5). Suppose -2*v - d = 0, 0 = -6*v + x*v - 5*d. Suppose v*q = -7*q - 49. Let a(l) = -l + 4. Give a(q).
11
Let s(a) = 19*a**3 - 3*a + 1. Let u be 7*(16/(-40) - 57/(-105)). Give s(u).
17
Suppose 0 = 3*q - 6, -6*q = -r - 11*q + 20. Let l be (r/8)/(6/384*-8). Let z(o) = -o**2 - 12*o + 8. What is z(l)?
28
Let l(v) = 0 + 8 + 4 + 6*v - 13. Let t be l(1). Let u(d) = -36*d - 2 + 38*d - 2. Give u(t).
6
Let a(t) = t**3 + 6*t**2 - 8*t - 1. Let h = 66 + -45. Suppose 5*u - 9 = h. Suppose 3*m - 21 = u*m. Determine a(m).
6
Let t(d) = -3*d**2 + 25*d + 2. Let z be 88*((-741)/152)/(-39). Give t(z).
-86
Let z(s) = 3*s**3 - 27*s**2 + s. Let q(o) = 8*o**3 - 64*o**2 + 3*o + 1. Let x(j) = 2*q(j) - 5*z(j). What is x(-7)?
-5
Let r(s) = -s - 26. Suppose 3*f + 35 = 82*t - 80*t, 10 = f - 5*t. Calculate r(f).
-11
Suppose 14*l - 303 = -415. Let c(b) = b**3 + 9*b**2 + 6*b - 17. Calculate c(l).
-1
Let x(s) = 223*s - 94. Let i(a) = 258*a - 95. Let h(p) = 6*i(p) - 7*x(p). Calculate h(8).
-16
Let u(t) be the second derivative of t**5/60 + t**4/6 - t**3/2 - 41*t**2/2 + 2*t + 30. Let d(i) be the first derivative of u(i). Give d(-6).
9
Let w be (-1)/(5/60) + 2. Let c(o) be the first derivative of -o**4/4 - 8*o**3/3 + 21*o**2/2 + 5*o - 4654. Give c(w).
-5
Suppose -13*s - 132 = 11. Let f(t) = 51*t + 7. Let p(n) = 10*n + 1. Let i(m) = s*p(m) + 2*f(m). Give i(-4).
35
Let h be -1 + 0 - 4/4 - (20 + -17). Let x(c) = c**3 + 3*c**2 - 2*c + 5. Give x(h).
-35
Let l(h) = -h**2 - 3*h + 37. Let v be ((-12)/(-30))/((-48)/(-15)) + 57/(-8). Give l(v).
9
Let i(s) = -37*s - 207. Let n(x) = -12*x - 58. Let p(h) = -4*i(h) + 14*n(h). Give p(2).
-24
Let p(f) = -2*f - 3*f + f. Let x(i) be the second derivative of i**5/20 - 5*i**4/6 + 2*i**3/3 - 39*i**2/2 + 6*i - 4. Let h be x(10). Calculate p(h).
-4
Let k(i) = 2*i + 3. Suppose -16 = -0*z + 4*z. Let h be 0 + ((-48)/6 - z). Determine k(h).
-5
Let o(q) = -q**2 + 4*q - 1. Suppose -68 - 36 = 8*p. Let h be (p/(-26))/(2/8). What is o(h)?
3
Let z(n) = -2*n**2. Let t(m) = -7*m**2 + 9*m - 1. Let h = -147 + 144. Let w(o) = h*z(o) + t(o). Determine w(9).
-1
Let q(z) = -z**3 - 4*z**2 + 4. Let m(r) = r**3 + 11*r**2 - 4. Let b(u) = 3*m(u) + 4*q(u). Give b(17).
4
Let b = -61 + 102. Suppose -b*u + 36*u = 0. Let g(x) = 2 + u*x**2 - x - 5*x - 4*x + x**2. Give g(9).
-7
Let j(y) = 5*y - 47. Let t be j(8). Let l be 3 + (-4)/1 - t. Let a(x) = 6*x - l - 11*x + 6*x. Give a(-5).
-11
Let y(r) be the first derivative of r**2/2 - 2. Let z = -434 + 629. Let l = z + -196. Calculate y(l).
-1
Let m(n) be the second derivative of -n**3/6 + 9*n**2/2 + n. Let d = -46320 + 46320. Determine m(d).
9
Let l be (-157)/(-3) - (1232/42)/(-8). Let h(t) = t**3 - 55*t**2 - 56*t - 3. Calculate h(l).
-3
Let m(c) = -200*c - 16. Let k(h) = -39*h - 3. Let d(i) = -11*k(i) + 2*m(i). Suppose 0 = 3*p - 353 + 350. Calculate d(p).
30
Let z be (-83)/9 - 1 - 8/(-36). Let l(k) = -k**2 - 12*k - 3. Give l(z).
17
Suppose 0 = 14*y + 2*s + 158, 13 = 47*y - 51*y + 3*s. Let b(j) = 17*j**2 + 166*j - 45. Determine b(y).
-5
Suppose 7 - 1 = o. Let i(u) = -u + 19. Let v(s) = s - 20. Let g(q) = o*v(q) + 7*i(q). Let j(c) = -c**3 + 13*c**2 - 9*c - 27. Let a be j(12). Determine g(a).
4
Let n(z) be the second derivative of 7*z**3/6 + 13*z**2 - 3949*z. What is n(-6)?
-16
Let x(j) = -3*j**2 - 8*j - 4. Let h(y) = 7*y**2 + 17*y + 6. Suppose 30*f - 20 = 20*f. Let i(l) = f*h(l) + 5*x(l). What is i(-5)?
-3
Suppose -y = 3*m + 2*m, 3*y - 4*m + 38 = 0. Let j(t) = 5*t - 7*t + 22 + t**2 + 15*t. Let w be j(y). Let p(v) = -v**3 - 8*v**2 - 9. Calculate p(w).
-9
Let a(w) = -w**2 + w + 1. Let q(n) = -n**3 + 8*n**2 - 9*n + 2. Let u(r) = 2*a(r) + q(r). Let j = 38 - 37. Suppose 2*b = y - 6, 12*b = -y + 9*b + j. Give u(y).
8
Let o(r) = r**3 - 9*r**2 - 11*r + 12. Let z be 11 + -552 + 4/1. Let h = -527 - z. Calculate o(h).
2
Let i(s) = -25 + 5*s - 32 - 15 + 42. Let d be i(7). Suppose -d*g + z + 16 = 2*z, -5*g + z = -24. Let j(h) = h**2 - 3*h + 3. What is j(g)?
7
Let f = -8743 + 8742. Let s = 1 - -3. Let h(l) = 3*l + s*l - 6*l + 2*l**2. Calculate h(f).
1
Suppose r - 3*z = -50, -4*r + 174*z = 173*z + 178. Let k(b) = 5*b**2 + 221*b + 37. Determine k(r).
-7
Suppose c = w - 63, 116 = 2*w - 2*c + 5*c. Let k = -293 + 229. Let h = w + k. Let l(a) = a + 2. Calculate l(h).
-1
Let t(g) = 5*g**2 + 15*g + 1. Let n(f) = 2*f**2 + 7*f + 1. Let d(i) = 7*n(i) - 3*t(i). Suppose -1 = 2*w + q, q - 20 = 10*w - 5*w. Give d(w).
-17
Let i(m) = 22*m - 8*m**2 - 286*m**3 - 40 - 3*m**2 - 287*m**3 - 285*m**3 + 857*m**3. Determine i(-13).
12
Suppose 39*o - 24 = 54. Let w(n) = n**3 + n**2 - n - 1. Let l(b) = -7*b**3 - 6*b**2 + 6*b + 6. Let g(v) = l(v) + 6*w(v). Determine g(o).
-8
Let w(n) be the second derivative of -29*n - 3/2*n**2 - 5/12*n**4 - 4/3*n**3 + 0 + 1/20*n**5. Determine w(6).
-15
Suppose -31*u = -17*u - 742. Let m(v) = 0 + 5 - 26*v + u*v - 32*v. Determine m(8).
-35
Let u(r) = -3*r**3 - r - 6. Let j(i) = -5*i**3 - i - 7. Let f(d) = 2*j(d) - 3*u(d). What is f(3)?
-20
Let h(j) = -15*j - 50. Let d be 144/(-9) + -12 + 25. Calculate h(d).
-5
Let x(c) = c**2 - 34. Let s be x(-6). Let o(k) = -k + 5 - 3 - 11 - s. What is o(0)?
-11
Let w(n) = n**3 - n + 1. Suppose -36*q - 345 - 915 = 0. Let y = q - -33. Determine w(y).
-5
Let y(v) be the first derivative of -v**3/3 + 5*v**2 - 21*v - 1160. Calculate y(9).
-12
Let m(a) be the second derivative of -1/3*a**4 + 1/20*a**5 + 2*a + 0 + 3/2*a**2 - 1/3*a**3. Calculate m(3).
-12
Let t(c) = c - 2*c - 2*c. Suppose 9*g + 66 = 219. Suppose -g*h - 67 = -33. Calculate t(h).
6
Let p(i) be the first derivative of i**3 - 19*i**2/2 + 8*i + 2763. Give p(6).
2
Let u = -576 + 470. Let b = -101 - u. Let p(k) be the first derivative of k**2 - 7*k + 1. What is p(b)?
3
Let c(i) = -i - 14. Suppose -5*u + 9 + 296 = -t, 3*u - 2*t - 183 = 0. Let g = u + -72. Let w be (0 - 3) + 110/g. What is c(w)?
-1
Let l(o) = -94*o**2 - 100*o**2 + 6*o + 195*o**2. Determine l(-8).
16
Let r(t) = 3*t**2 + 122*t - 42. Let j be 8 + -2 + (-3760)/80. Calculate r(j).
-1
Let i(b) = 2*b + 13. Let f(o) = 72*o - 37*o - 23 - 33*o. Let k be f(8). What is i(k)?
-1
Let d(s) = -5*s - 1. Let c = 24 + 4. Suppose -c = k + 20. Let g = -47 - k. What is d(g)?
-6
Let h(d) = d**2 - 8*d - 19. Suppose 10*a - 175 = -95. What is h(a)?
-19
Let j(v) = -v**3 - 2*v**2 + 4*v + 8. Let l(m) = -3*m**3 - 5*m**2 + 11*m + 22. Let q(h) = -8*j(h) + 3*l(h). What is q(2)?
0
Let r(s) = -4*s - 37. Let o(x) = -21*x - 1142. Let y be o(-54). Give r(y).
-5
Let o(y) = y**2 + 3*y - 5. Let b(r) = 2*r**2 + 8*r - 10. Let s(c) = -4*b(c) + 9*o(c). Let k(l) = -l**2 + 4*l + 4. Let f(m) = -4*k(m) - 3*s(m). Calculate f(-5).
29
Let x(h) = -5*h - 17*h - 13*h + 41*h + 50. Give x(-7).
8
Let v = -491 + 493. Let b(y) = -4*y + y**3 + 3 + 47*y**v - 22*y**2 - 23*y**2 - 7. Give b(-4).
-20
Let l(t) = 5*t**3 + 13*t**2 - 2*t + 11. Let n(z) = z**3 + z**2 - 3*z - 4. Let v(j) = -l(j) + 4*n(j). Calculate v(-8).
-11
Let s(n) be the third derivative of -2*n**4/3 - n**3/3 + 5*n**2 + 51. What is s(2)?
-34
Let u be (3*(-50)/(-90))/((-1)/(-66)). Let i = -103 + u. Let a(s) = -4*s + 5. Give a(i).
-23
Let q(t) = 4*t + 1. Suppose 0*d = 20*d - 1180. Suppose 0 = -d*g + 23*g + 216. What is q(g)?
25
Suppose 85 = 26*r - 227. Suppose 3*k + 8 = 5*k - 5*b, -r = 3*b. Let w(q) = 3*q + 8. Calculate w(k).
-10
Let q(b) be the second derivative of b**4/6 - b**3 + b**2/2 - 10*b - 8. Let l(s) = 0*s**2 - 3*s**2 - 3 + 5*s + 2. Let r(o) = 5*l(o) + 4*q(o). Give r(1).
-7
Let g(h) = -h + 3. Let y(a) = 32*a + 207. Let u be y(0). Let x = u + -215. What is g(x)?
11
Let y(k) = 8*k**2 + 2*k - 2. Let l be y(1). Let x = -6 + l. Let v(a) = 3 + 76*a + 5*a**3 - 78*a - 4*a**3 